- (-5 + 26)) + -19 - 48?
-62
Evaluate (-5 - -56) + -37 - -20.
34
Calculate (-22 - -30) + (-29 + -9 + 11 - 11).
-30
Calculate -2 + (-2 - 1 - (-11 - 0 - (-695 - -769))).
80
What is -41 + 23 - (-23 + 13 - -2)?
-10
(1 - 5 - 10) + (-1 - (3 - 14))
-4
What is the value of (-92 - -3) + ((19 - (8 + 10)) + 3 - 0)?
-85
What is (-6 - (-4 - (-23 - (-1 - 6)))) + -63?
-81
What is the value of 4 + (0 - 44) + (-3 - -55 - 56)?
-44
Evaluate -15 + (-2 - 37) + 21 + (-19 - -14).
-38
Calculate (-168 - (94 - 185)) + 97.
20
Evaluate 29 + (-52 - -56) + -39 - (1 + 2 + 98).
-107
-97 - ((-2 - (-3 - 5)) + (97 - 90)) - -3
-107
Evaluate -29 - (-4 - (-2 - 0 - -4) - (-1 - -4)).
-20
What is the value of -21 + 24 + (2 - -11) + 5?
21
What is the value of (-57 - (12 - 21)) + (1 - 2)?
-49
What is -9 + (151 - 7 - (-64 - -80))?
119
Evaluate -3 - (-23 - (9 + -5)).
24
Evaluate (34 - 3) + 17 - (-21 - -3).
66
(-12 - (-5 + 20 - 22)) + -6 + -32 + -1
-44
What is the value of 39 + -36 + -33 - 7?
-37
0 + (42 - 0) - (1755 - 1751)
38
What is (0 - -144) + 70 + -65 + 15 + (-30 - 0)?
134
What is the value of 202 - 196 - (-15 + 15 - (-8 - 3))?
-5
What is -2 - (-24 - -17) - (28 + 3)?
-26
What is 45 + 50 + -65 - (16 + -4)?
18
(11 + -1 - 2) + 0 - (19 + (19 - 18))
-12
What is the value of -37 + -19 - ((-15 - 29) + 1)?
-13
What is 7 - (4 + -1 + (-1 - -10))?
-5
(-13 - ((-12 - -10 - 8) + 23)) + -19
-45
What is -28 + (98 - (31 - -28))?
11
14 + 43 + 4 + -55 + 31 + (-1 - -1)
37
-32 + 35 + 0 + 28 + -11 + 7 + -9
18
Calculate (7 - (-17 + 6)) + 55 + -7 - -18.
84
Calculate (6 - 9) + (41 + 0 - (-10 + 21)).
27
Evaluate -39 + (-2 - -3) + -10 + (-143 - -164).
-27
What is the value of 1 + -1 + (-241 - -287)?
46
Calculate (-20 - -1) + (3 - 3) + 215 + -219 - 7.
-30
Calculate 118 + -8 + (-2 - (2 - (-14 - (-2 + -8)))).
102
-97 - ((246 - 111) + -347)
115
Calculate 36 + (93 - 75) - 26.
28
What is the value of -109 + 105 + -8 + -1 + -20?
-33
Calculate 5 - ((68 - 80) + -55).
72
Evaluate -247 - -234 - (23 + -10).
-26
Evaluate -291 + 303 + (1 - 2 - -38) + (2 - 6).
45
Calculate 305 - 379 - (-55 - -3).
-22
What is the value of 17 + (20 - (27 - -27 - -21))?
-38
What is the value of 1 + 9 - (-5 + (11 - (52 + -7)))?
49
What is 17 + -8 + 8 + (-13 - 5) - (-2 - 48)?
49
-43 - (-36 - 2 - 13)
8
What is the value of 39 + (4 + -8 - -5) + 11 - (1 + -5)?
55
35 - (-20 + 168 - 92)
-21
Calculate 369 + -343 - (-2 + 4 + -6).
30
(-7 - (4 + 24)) + 47
12
17 + (17 + -19 - 0) + 18
33
What is (-15 - -1) + -3 + -6 + 28 - 47?
-42
(-1 - 32) + ((36 - 23) + -7 - 15)
-42
Evaluate 26 - (-31 - (-51 + 40)).
46
8 - (-8 - -14) - (10 + -2 - 22 - -9)
7
-5 + -47 + -40 + 35 + (6 - 1) - -1
-51
(-1 - 3) + 4 + 105 + -122 + -83
-100
What is -10 - (-1 + 4) - (19 - 4)?
-28
Evaluate 30 + -2 + -26 + (0 - 4) + -13 + 1.
-14
What is the value of 153 + -149 - (-12 + 87)?
-71
What is the value of -20 + (-30 + 10 - -37) + -10 + (80 - -1)?
68
42 + (3 - (-22 + (8 - (7 - 0)) + 11))
55
(-2 - -18 - 11) + (4 + 2 + -2 - 30)
-21
What is -18 + (-10 - (-9 + 4) - -7) + -13?
-29
What is the value of (-119 - -120) + 11 + 14 + 0?
26
Calculate -6 + (-15 - -17) + -3 + 9.
2
Calculate -19 - -8 - (-52 + 11) - -34.
64
Evaluate (14 - 9 - -14) + 14 + 1 + -10.
24
What is the value of (19 - 19) + (27 - (9 + (5 - 5)))?
18
Evaluate (-111 + 45 - -175) + -48.
61
113 - 8 - (4 + -18 + 12) - (2 + 1)
104
Calculate 18 + (-45 - ((28 - 6) + -5)).
-44
What is the value of 21 + (-1 + 1 - (8 + -16 + (5 - -6)))?
18
Evaluate -16 + (328 - 312 - (2 + (-4 - -1) + 110)).
-109
What is 46 - (-4 + 7 + 25)?
18
Evaluate 10 - (-85 + 13 + 53 + -34).
63
Evaluate 107 - (18 - (26 - 90)).
25
What is 13 + -53 + (-3 - (-103 + -3))?
63
Calculate -30 + -17 + 10 - -12 - -12 - -6.
-7
What is the value of 9 - ((-93 - (8 + -11)) + -31 + 20)?
110
Evaluate 13 + 9 + 4 + -86 + 7 + 8 + -15.
-60
Evaluate -11 + (-6 + -2 - -3 - (-103 + 98)) + -46.
-57
What is (11 - 39) + 8 + 9 - -46 - 9?
26
Calculate 1 + -15 + 0 + (-13 - 22).
-49
Evaluate (-134 - (-54 - 33)) + 135.
88
Calculate 39 - (50 + -45 + -7).
41
1 + (-10 + -13 + (3 - -6) - -8)
-5
What is 178 + -116 + 18 - 33?
47
What is the value of (155 - (302 + -168)) + -63 + (-3 - -6)?
-39
What is 0 + 56 - (441 - 330)?
-55
What is the value of (-3 - (-1 + 2 - 1)) + -2706 + 2698 - 9?
-20
Evaluate 93 + (1 + -26 - -48) - 12.
104
-253 + 248 + (7 - (1 - 0) - (-100 - -46))
55
What is 273 - 227 - (4 + 68)?
-26
45 + (-12 - -3 - -11) + -21
26
What is -13 + 1 + 20 + (14 + -12 - 0)?
10
What is the value of 1 - 2 - (4 + -8 - 6 - (-99 - -108))?
18
What is 23 + (-6 - ((-3 - -10) + -8 + 7 + -23))?
34
What is the value of (16 - (-4 + 8 - -9)) + 31 + -12?
22
What is the value of -39 + (143 - -8) + (-73 - -94)?
133
Evaluate (29 - (-4 + 24) - 28) + 32.
13
What is the value of -5 + (4 - ((-15 - -20) + (-22 - -2)))?
14
Evaluate 38 + (-34 - (-117 - -46)).
75
(-2088 - -2088 - (-1 + 42)) + (-2 - (2 + -8))
-37
What is the value of -1 + 4 - 8 - (-23 - -7 - -13)?
-2
Evaluate -7 + 32 + -33 + 29.
21
What is the value of 36 - (-45 + 185 - 80)?
-24
What is the value of -2 - 55 - (-103 - (123 - 195))?
-26
Evaluate (127 - 138) + (-2 - 22 - -1) + 8.
-26
What is (-1 - (-30 + (-5 - -38))) + 79?
75
Calculate 11 + (0 - 1) + (1173 + -1083 - (-4 - -90)).
14
Calculate -58 - (-57 + 65 - 112).
46
Evaluate -11 + 30 + -14 - (-43 - -24).
24
Calculate 1 + 2 - (25 + 10 - 16 - (-22 - -39)).
1
What is the value of -2 - -6 - (-583 - -597)?
-10
What is -100 - -27 - (-2 + (3 - 3) + (-4 - -1))?
-68
What is the value of -23 + -2 - -40 - (3 + 47)?
-35
39 - (-10 + -19 + (153 - 2))
-83
What is 3 + -12 + -2 - (-3 - (30 + -31)) - 11?
-20
What is -13 + 1 + -3 - (-100 - -99 - (-9 - -4))?
-19
11 + 15 + -46 + 52 + -4
28
What is 4 + (-14 - -16) - 22 - 9?
-25
Calculate 35 + -11 + -24 + 4.
4
Calculate 78 - 63 - -86 - -9.
110
What is the value of -48 - ((-44 - 30) + 21) - (2 + 21)?
-18
59 + -41 - (3 - -4) - 22
-11
What is -43 - (-81 - -36) - (56 + 0)?
-54
Calculate (23 - 1) + -40 - (16 + 1).
-35
Evaluate -14 + 36 + -5 - -10 - 100.
-73
What is -2 - (4 + -4) - (-20 - (-17 - 7))?
-6
1 + -3 + 125 - (1714 + -1682)
91
Evaluate -9 + -14 + -15 + 24.
-14
Calculate -33 + 0 - (27 - (18 + 36)).
-6
What is -55 - -5 - (5 + 0 + 10 + -25)?
-40
What is 13 + -32 + -4 + 4 + 11?
-8
What is the value of (-29 + 2 - 3) + -1 - (459 + -452)?
-38
-51 + 18 + 0 + -2 + -61 + 67
-29
What is -10 + -1 + (147 - 27) + -37 - (17 + -10)?
65
Calculate (-86 + 110 - 145) + 64.
-57
What is -2 - 38 - (-48 - (-20 + -7))?
-19
Evaluate 4 - -56 - (-4 + 1 + 1 + -13 + 11).
64
What is (-30 - -34) + (-18 - 3) + 9 + 6 + 28?
26
Calculate -88 + -9 + (24 - (1 + -11)) + -14 + -23.
-100
What is the value of -53 + (56 - (-71 + 99))?
-25
Evaluate -2 + 4 - (-18 + (-3 + 13 - -21)).
-11
(1 - 22) + 3 + 286 + -219
49
What is the value of (22 - 11) + -6 + (39 - 15) + -8?
21
18 + -11 + 5 + (-17 - -8)
3
What is ((9 - 85) + 7 - -7) + -3 + 1 + -15?
-79
What is the value of -6 + -15 + 21 + -20?
-20
Calculate -58 - (13 + 2 - 69).
-4
(23 - 12) + -9 - (10 + -38)
30
What is 57 - ((-10 - (-22 + -1)) + -2)?
46
Evaluate 6 - ((28 - -8) + -36 + 30).
-24
Calculate 3 + (-2 - 0) + -9 - (58 + -71 - -101).
-96
Calculate 37 + -61 + -41 + 74.
9
Calculate 39 + (2050 + -2152 - (0 - -10)).
-73
Calculate -2 - (126 + -2) - (38 + -54 + (67 - 62)).
-115
Evaluate (-28 - -2) + (-76 - -25 - -24).
-53
What is the value of -35 + (26 - (-51 + 87))?
-45
What is the value of 24 + -31 + 11 + -52?
-48
(-9 - 4) + (31 - (-8 - -4) - 16)
6
-6 + (41 - 11) + (-56 - 5)
-37
(10 - 15) + -34 + (-59 - -43)
-55
What is 555 + -481 + (1 + -16 - 1) - 18?
40
What is 3 + -44 + 32 + (-16 - 45) + 50?
-20
What is the value of -13 + 132 + 15 + (-23 - 6) - 8?
97
27 + -62 + 96 + -107
-46
Evaluate 1 + (1 - 9) + -150 + 153 + -29.
-33
Evaluate 11 - -5 - (-113 + 54 + 34).
41
Calculate -5429 + 5535 - (16 + (-2 - -1)).
91
What is (-368 - -375) + 14 + 0 + -87 + 11?
-55
What is (-11 - 2) + -1 + 22578 + -22556?
8
-1 + (43 - 45 - -6) + (-12 - -1)
-8
What is (7 - (-28 + 35 - (1 + -54))) + 29 + -25?
-49
Calculate 112 + -208 + 16 + 82.
2
What is the value of (-6 - -1) + -41 + 37 + -12 + 18 + 71?
68
What is (1 - 2) + -22 + -2 + (-136 + 234 - 109)?
-36
(-97 - 18) + 104 - (-1 + 16 - 2)
-24
What is -15 - -23 - 21 - (4 - 4)?
-13
What is the value of (-87 - 6 - -33) + -23?
-83
What is the value of -10 - (12 - 